pose -103*s + 100*s = -1308. Suppose -13*c + s = -11*c. List the prime factors of c.
2, 109
Let c be (4 + -4)/((-4)/2). Suppose c = 2*y - 26 + 22. Suppose y*m = a - 6*a + 305, -61 = -a - 4*m. What are the prime factors of a?
61
Let x(c) be the first derivative of -1/3*c**3 + 208*c - c**2 + 7. What are the prime factors of x(0)?
2, 13
Let g(x) = -9451*x + 42. What are the prime factors of g(-1)?
11, 863
Suppose 8 = -g, 0 = -4*z - 108*g + 109*g + 189212. List the prime factors of z.
3, 15767
Suppose -37*o + 36*o = -3*g + 583, -412 = -2*g - 4*o. What are the prime factors of g?
2, 7
Suppose 4*t - 2946 - 1246 = 0. Let m = t + 337. List the prime factors of m.
5, 277
Let f be 327 + 7/((-28)/(-8)). Suppose -5*h + f + 1451 = 0. What are the prime factors of h?
2, 89
Let j be (2/6)/((-1)/(-57)). Let a(c) = -3*c**3 + 18*c**2 + 55 + 2*c**3 + 32*c + 53 + 46 - 150. What are the prime factors of a(j)?
251
Suppose -1086889 - 1599332 = -287*v - 113553. List the prime factors of v.
2, 3, 83
Let r = -1004 - -4537. List the prime factors of r.
3533
Suppose 8*x - 11*x + 42090 = 3*m, 10 = 2*m. List the prime factors of x.
3, 5, 11, 17
Suppose -4*z + 3*z - 12 = 4*p, 3*p + 5*z + 26 = 0. Let l(w) = w + 0*w**2 - 2*w + 4 + 3*w + 32*w**2. List the prime factors of l(p).
2
Suppose -112*l - 762652 + 3709484 = 0. List the prime factors of l.
83, 317
Suppose -2273*z - 2*t = -2278*z + 81202, 0 = z + 4*t - 16214. List the prime factors of z.
2, 23, 353
Suppose 11*b + 21 = 18*b. Suppose 4*o - 4987 = -3*d, b*o - d = -0*o + 3737. List the prime factors of o.
2, 7, 89
Suppose 5*i = 4*t - 344, -6*t = -9*t - 4*i + 227. Suppose -8*o + t = -3623. List the prime factors of o.
463
Suppose -9*h + 12 = -3*h. Let d be (h - (1 - 2)) + 1. Suppose -y + 0*y + 69 = d*z, -y = -z - 44. What are the prime factors of y?
7
Suppose 28*o - 145 = -5. Suppose -o*g = f - 4*g - 145, -3*g - 6 = 0. What are the prime factors of f?
3, 7
Let s be (-2 - -1)/(((-10)/(-734))/(-5)). Let v = -358 + s. What are the prime factors of v?
3
Let a(k) = -k**3 - 18*k**2 + 29*k - 93. What are the prime factors of a(-20)?
127
Let l = 866 - 1290. Let d = 9 - l. What are the prime factors of d?
433
Let h = 41293 - 27611. What are the prime factors of h?
2, 6841
Let n be (2 - -104)/(43/(-7) + 6). Let i = n + 1324. List the prime factors of i.
2, 3, 97
Suppose 20*u - 7*u = 871. Let f = -64 + u. Suppose 0 = q + f, 5*i - 597 = 2*q + 364. List the prime factors of i.
191
Suppose 0 = 10*g - 39471 - 38459. What are the prime factors of g?
7793
Let s be (-2 + 11)*(-8)/(-12). Let r(l) = 4*l**2 - 4*l + 25. What are the prime factors of r(s)?
5, 29
Let k(v) = 3*v**2 - 26*v + 21. Let w be k(10). Suppose -b + 33 + w = 0. Suppose 5*o + 4*j = 1152, -j = 4*o - b - 821. List the prime factors of o.
2, 3, 19
Suppose 4*z + 0*z = -244. Let m = -67 - z. List the prime factors of ((-252)/(-15))/m*-40.
2, 7
Let l(h) = 6*h**3 + 4*h**2 + 2*h - 6. Suppose k - 4*s = 3, -4*k - 4*s = -3*s - 12. List the prime factors of l(k).
2, 3, 11
Suppose -17*n - 1 = -16*n. Let g be 1*0/5*n. Suppose -5*t - 5*z - 328 + 788 = g, 3*z = 2*t - 194. What are the prime factors of t?
2, 47
Let o be (116/(-5))/(-2*(-4)/(-40)). Let r = -112 + o. Suppose -r*a + 8 = 0, 2*a - 762 = -5*y + a. List the prime factors of y.
2, 19
Suppose 5*y + 4*w = 256, -w + 207 = 4*y - 0*w. Suppose 66 = -y*l + 53*l. List the prime factors of l.
2, 3, 11
Suppose 15*j - 13*j = -22*j + 417960. List the prime factors of j.
3, 5, 43
Suppose -3*r + 117 = 84. Suppose -r*y = -12*y + 315. List the prime factors of y.
3, 5, 7
Let s(y) = y**3 + 23*y + 10022. List the prime factors of s(0).
2, 5011
Let r(q) = 12*q + 15. Let n be r(-12). Suppose 260 = -4*w + f, -w - w = -4*f + 144. Let c = w - n. What are the prime factors of c?
5, 13
Let b(u) = 12*u**2 + 6*u. Let c = 23 - 18. Let h(o) = -o**2 + 3*o + 7. Let x be h(c). List the prime factors of b(x).
2, 3, 5
Let j = 1501 - -2884. List the prime factors of j.
5, 877
Let k = -10873 + 19452. List the prime factors of k.
23, 373
Let j = -56 + 59. List the prime factors of 1/(-7) - j/((-21)/6455).
2, 461
Suppose 7*s = 85*s - 6*s - 620784. List the prime factors of s.
2, 3, 479
Let m be 1/(4/(-12) - 0) - -6. Suppose -3*x = 4*a, -17 - 4 = -3*x + m*a. Suppose -3*h = h - 4*u - 572, -4*h - x*u = -588. What are the prime factors of h?
5, 29
Let p = 2154 + 2694. List the prime factors of p.
2, 3, 101
Suppose -2*z = 4*d + z - 2, -3*d + z = -8. Suppose b = -3*c + 511, -2*b + 167 = 3*c - d*c. Suppose -4*j + 1 + c = 0. What are the prime factors of j?
43
Let j = -18420 - -28908. List the prime factors of j.
2, 3, 19, 23
Suppose -10*f - 160 = -2*f. Let j = -4 - f. Suppose 2*c - 16 = j. List the prime factors of c.
2
Let y = 1440 - 1411. Suppose 4*h - 4*t = -8, -4*h - 4*t + 9 = 41. List the prime factors of y/(2/1*h/(-30)).
3, 29
Suppose 200 = -l - 86. Let y = l + 673. What are the prime factors of y?
3, 43
Let j(o) = -o**2 - o - 1. Let a(z) = -z**3 + 12*z**2 - 3*z + 17. Let m(v) = -a(v) - 2*j(v). Suppose -6*b = 1 - 67. What are the prime factors of m(b)?
7, 23
Suppose -3*u + 4*u - 13 = 0. Suppose u*m = 14*m - 130. Suppose -2*z + 2*n = -m, 5*z = 3*z - 4*n + 112. List the prime factors of z.
2, 31
Let p be ((-5)/(-4))/1*4. Suppose 8*n = -46850 + 46890. Suppose -p*u = -3*q + 6*q - 854, 3*u = n*q + 492. List the prime factors of u.
13
Suppose 5*t + u - 40 = 0, -14*t - 8 = -15*t + 4*u. Suppose 5*g - 2697 = -3*y, t*y - 5*y - 12 = 0. List the prime factors of g.
3, 179
Let t(b) = 389*b**3 - b**2 + 15*b - 2. List the prime factors of t(4).
2, 37, 337
What are the prime factors of (-299780024)/(-4959) + (-10)/(-145) - (-4)/18?
2, 7, 17, 127
Let p = 387 - 392. What are the prime factors of (p/2 + (-5)/10)*-30?
2, 3, 5
Suppose 203*f - 5*r = 200*f + 217935, 3*f - 217971 = r. What are the prime factors of f?
2, 3, 5, 7, 173
Let l(f) = 6*f + 22. Let y be l(-5). What are the prime factors of -1889*(-1)/2*(-16)/y?
1889
Let g = -45209 - -66260. What are the prime factors of g?
3, 2339
Let q(y) = 119*y + 1971. What are the prime factors of q(4)?
2447
Let n = 428 - 434. List the prime factors of (20614/33 - 0)*n/(-4).
937
Suppose 0 = -2*i + 40*g - 37*g + 121629, 0 = i - g - 60818. What are the prime factors of i?
3, 5, 811
Let g = 5 - 69. Let n = -36 - g. Suppose -z + 77 = -n. List the prime factors of z.
3, 5, 7
List the prime factors of 1*((-4)/18 + 3683509/153 + -22).
67, 359
Let n(d) be the third derivative of d**4/3 + d**3/2 + d**2 - 42*d. Suppose -3*g + 8*g = 10. What are the prime factors of n(g)?
19
Let l be ((-2)/14 + 252145/35)*1. Suppose 20*m - 3976 = l. List the prime factors of m.
13, 43
Let b(f) be the first derivative of -94 - 3*f**2 + 22*f + 88 + 11*f**2. List the prime factors of b(11).
2, 3, 11
List the prime factors of ((-2)/(6/6421))/(7/(-168)*8).
6421
Suppose -178 = 131*h - 571. Let q = 209 + -6. Suppose -50 = h*f - q. List the prime factors of f.
3, 17
Let c(p) = 2510*p + 39. List the prime factors of c(3).
3, 29
Suppose 2*z + 3*v = 34854, 0 = -3*z + 5*v + 71788 - 19488. List the prime factors of z.
2, 3, 5, 7, 83
Let s(n) = n**3 + 17*n**2 + 14*n + 32. Let y = -194 + 179. What are the prime factors of s(y)?
2, 17
Let m(y) = 46*y + 100. Let i(z) be the second derivative of -3*z**3/2 - 10*z**2 + 14*z. Let b(x) = 11*i(x) + 2*m(x). List the prime factors of b(-6).
2, 11
Suppose 51*v = 19*v + 141435 + 173349. List the prime factors of v.
3, 1093
Suppose 4*j - 95528 = 4*h, 5*j + 11736 = h + 131134. What are the prime factors of j?
23879
Let h = -4690 + 7135. What are the prime factors of h?
3, 5, 163
Suppose 2*h - 7 = -9, 0 = -4*k + 5*h + 1889. List the prime factors of k.
3, 157
Suppose -4*a + 12 = -0*a, 4*j - 3*a - 5295 = 0. Let y = j - 81. List the prime factors of y.
3, 5, 83
Let x(j) = 2305*j - 890. List the prime factors of x(5).
3, 5, 709
Let i(v) = v**3 - 2*v**2 - 9*v + 9. Let k be i(4). Suppose 5*a - 2436 = -k*b + 6*a, -2*a - 2 = 0. List the prime factors of b.
487
Let g(u) = -u**3 - 2*u**2 + 2*u - 1. Let t be g(-4). Suppose 0 = -10*h + 20. Suppose h*x - t - 1 = 0. What are the prime factors of x?
2, 3
Suppose 4*w = 4, 2*w + 5096 = 3*a + w. Suppose a = 2*x + 3*c, 3*x = -c + 295 + 2271. What are the prime factors of x?
857
Suppose -10*y + 25 = 5. Suppose -y*b - 5*r 